visor of 34 and a.
17
Let h = -164 - -324. Calculate the greatest common divisor of h and 5.
5
Suppose 83*d = 155*d - 54144. What is the greatest common factor of d and 188?
188
Let o = 40 + -35. Suppose -v = -o*v + 44. What is the highest common factor of v and 121?
11
Let z be (-5 + 4)*(-6)/2. Suppose -z*q = 2*q - 10. Suppose -q*w = 3*h - 5, 0 = -4*w + 2*h + 2. What is the highest common divisor of w and 8?
1
Suppose w = 3*i - 510 + 135, -624 = -5*i + 2*w. Calculate the greatest common divisor of i and 54.
18
Suppose -43*j + 40*j + 63 = 0. What is the greatest common factor of 35 and j?
7
Let h be ((-5544)/32)/(-11) - (-3)/12. What is the greatest common factor of 144 and h?
16
Let m(y) = y**2 - y - 8. Let q be m(0). Suppose 0 = 12*w - 11*w - 2. Let h be w/q + 514/8. What is the greatest common divisor of 16 and h?
16
Let i = 24 - 22. Suppose d = -z + 56, -2*z + i*d + 145 = 33. What is the greatest common divisor of 84 and z?
28
Let l = 46 - 31. Let p be (0 + 54/l)*-10. Let j be (-692)/p - (-6)/(-27). What is the highest common factor of 152 and j?
19
Suppose -932 = -81*s + 688. Let y(n) = 181*n - 1. Let m be y(1). What is the highest common factor of s and m?
20
Let s(v) = -5 - 12*v + v + 21 + v**2. Let x be s(12). Let p(r) = 3*r - 1. Let u be p(5). Calculate the greatest common divisor of x and u.
14
Let a(u) = -5*u**3 + 12*u**2 - 10*u - 1 + 0*u**2 - 1 + 4*u**3. Let y be a(11). What is the highest common factor of y and 99?
9
Let w be (7364/(-4))/(16 + -17). Calculate the greatest common factor of 7 and w.
7
Let u(s) = s**2 + 15*s + 55. Let b be u(-10). Suppose -3*a + 306 = b*l, -2*l + 34 + 98 = -2*a. Calculate the highest common divisor of 441 and l.
63
Let z be (190/(-8))/((49/(-28))/(-7)). Let h = z - -113. Calculate the highest common factor of h and 9.
9
Suppose 0 = -2*u - 3*u - 5*x + 35, -2*u + 2*x - 6 = 0. Let q = 195 - 194. Calculate the highest common divisor of u and q.
1
Let q(x) = 5*x + 104. Let g be q(10). What is the greatest common factor of g and 66?
22
Let s be 2 + (160 - (7 - 0)). Calculate the greatest common factor of 124 and s.
31
Suppose 2535 + 825 = 70*t. What is the greatest common factor of t and 608?
16
Let j be (-14)/(-8) + 32/128. Suppose 5*o - j*f - 60 = 0, -o + 2*f - 6 = -2*f. What is the highest common divisor of 126 and o?
14
Let d = 89 + 471. What is the highest common factor of 20 and d?
20
Let h(l) = -l**3 - 4*l**2 - 12*l - 6. Let d be h(-5). What is the greatest common divisor of 1422 and d?
79
Suppose -133 = 4*q + 15. Let j = q + 45. What is the highest common factor of 2 and j?
2
Let b(n) = 2*n**3 - 8*n**2 + 8*n - 6. Let p be b(5). Suppose 4*a - 3*a = p. What is the greatest common factor of a and 21?
21
Let n(b) = 4*b + 5. Let s be n(4). Suppose -1 = 2*m - 11. Suppose -m*f = -64 - 6. What is the greatest common factor of f and s?
7
Let n = 0 - -4. Suppose -n*g = 1 - 9, -5*k + 4*g = -62. Let u(s) = 5*s**3 - 3*s**2 + s + 1. Let b be u(3). What is the highest common divisor of k and b?
14
Suppose 2*b - 4*i = 246, -b - 6*i = -4*i - 111. What is the greatest common factor of 6 and b?
3
Let a be 8/44 + (-31)/(-11). Suppose 1 = a*h - 2. Let n be (h + 0)*(-2 + 7). What is the highest common divisor of n and 45?
5
Let q(b) = -b**2 - 11*b. Let t be q(-8). Suppose -26*h = -29*h + t. Calculate the highest common factor of h and 8.
8
Suppose -9*o - 123 = -177. What is the greatest common factor of o and 13?
1
Suppose -4*j + 3*j = -2*x - 132, 2*j - x - 249 = 0. What is the highest common divisor of 488 and j?
122
Suppose 0 = 5*t - 5*u - 170, -2*t - 6*u + 38 = -2*u. What is the greatest common factor of 493 and t?
29
Suppose 15 = 4*c - c. Suppose c*x - 4*d - 116 = -0*d, 43 = 2*x - 5*d. Let z be 24 - (2 + x/(-4)). Calculate the greatest common factor of 308 and z.
28
Suppose 2372 - 161 = 11*q. What is the highest common factor of q and 268?
67
Suppose -j - 8 = 2. Let l = j - -10. Suppose 7*i = -l*i + 147. What is the highest common divisor of i and 231?
21
Suppose -40 - 4 = -4*v. Let i(p) = -4*p + 18. Let q be i(-18). Let n be 55*(q/25)/3. What is the highest common factor of n and v?
11
Let c = 112 - 102. Suppose -5*n = 5*j - 15, -2*n - 3*j = 2*j - 3. What is the greatest common divisor of c and n?
2
Suppose 109 = -5*o - 1. Let q = 61 + -27. Let m = o + q. Calculate the greatest common factor of m and 24.
12
Let m be (18/8)/((2 - 7)/(-20)). Suppose -10*s = -m*s - 47. Calculate the highest common divisor of s and 282.
47
Suppose s + 0*s = 43. Suppose -31*g = -24*g - 203. Suppose -2*d + 4*u + u + g = 0, 4*d = -5*u + s. Calculate the highest common divisor of 60 and d.
12
Suppose f + 640 = 4*s, -5*s - 3*f = 151 - 951. What is the highest common divisor of 5 and s?
5
Suppose -4*h + 2*h + 70 = 4*d, 4*h = d + 176. Let j = h - 36. Suppose -4*m + 2*m = -70. What is the highest common factor of m and j?
7
Let q be 0 + 2 - (-8 - -40). Let y = -26 - q. What is the greatest common divisor of y and 16?
4
Suppose m = 4*s - 164, -m - 10 = s - 46. Suppose 0 = -h - 4*h - 715. Let n = -83 - h. Calculate the greatest common factor of n and s.
20
Let z be ((-40)/25)/(5/(-150)). Calculate the greatest common factor of z and 30.
6
Let f be (-1)/(-7) - -782*(-10)/(-140). Calculate the highest common factor of f and 42.
14
Let p(g) = -32*g + 1. Let m be p(-1). Let j be (-134)/6 - (-20)/(-30). Let u = m + j. What is the greatest common divisor of u and 10?
10
Suppose 4 = 3*g - 2. Let j = g - 0. Let c(o) = -o - 1. Let t be c(-9). Calculate the greatest common factor of j and t.
2
Suppose 0 = -6*a + a - x + 3036, -3*a - 3*x = -1824. Let b = a + -222. Calculate the greatest common divisor of b and 35.
35
Let a = -17 - -19. Suppose 20 = -a*c + 64. Calculate the highest common factor of 44 and c.
22
Let a(m) = -2*m**2 - 3*m + 4. Let s be a(2). Let r be (-15)/s*(-168)/(-9). Suppose 2*v - 2 = 6. Calculate the greatest common divisor of r and v.
4
Let i(n) = n**3 - 21*n**2 + 22*n - 30. Let r be i(20). Suppose j + 36 = r*j. Calculate the highest common divisor of j and 10.
2
Let s be ((-5)/(-2))/(4*1/24). Calculate the greatest common factor of s and 35.
5
Let i = -10 - -7. Let n be (284/i)/(2/(-3)). Suppose p - 28 = 4*s, -3*p + 7*p - s = n. What is the greatest common factor of p and 4?
4
Suppose 0 = c - 29 + 9. Let h(t) = 17*t + 163. Let y be h(-9). What is the greatest common divisor of c and y?
10
Suppose -3*c + 5468 = 3860. Calculate the greatest common factor of c and 201.
67
Let q be (-3)/6*-2 - 11. Let m = q - -10. Suppose -c + 28 = c + 2*f, m = 3*c + 5*f - 34. Calculate the greatest common factor of 2 and c.
2
Let w = 243 + -148. Suppose -3*x = -4*x + 4*v + 14, -4*v = 12. Suppose -39 = x*k - 115. What is the greatest common factor of k and w?
19
Let y be 9/(-15) - (-28)/(-20). Let c be y*-1*6/4. Let v(p) = p**3 - 2*p**2 + 5*p - 3. Let q be v(c). Calculate the highest common divisor of 14 and q.
7
Suppose -27*b + 3604 = 877. What is the greatest common divisor of b and 1?
1
Let i be (0 + 0)/(3 - 1). Suppose i = 2*a - 2*f - 4, -5*a - f + 2 = -8. Let h be 12/(-1 - a) - -9. Calculate the highest common divisor of 35 and h.
5
Let w be (8/(128/(-52)))/(1/(-32)). Suppose 0 = y + 2*y - 78. Calculate the highest common factor of y and w.
26
Let t(m) = -m**3 + m**2 + m + 10. Let y be t(0). Suppose 105*n + 6*n - 10560 = 15*n. What is the highest common factor of n and y?
10
Suppose 0 = 3*i + 4*i - 1456. What is the greatest common factor of i and 16?
16
Suppose 0 = 3*k + 5*a - 96 - 49, 3*k - 110 = 2*a. Suppose -280 - k = -4*j. Let t = 49 - 33. Calculate the greatest common factor of t and j.
16
Suppose 0 = -b + 2*c + 12, 2*b + 2*b - 4*c - 32 = 0. Let w be (b/6)/((-21)/9)*-7. What is the greatest common divisor of 5 and w?
1
Let i = 431 + -377. Suppose -147 = -4*d - 3. Calculate the greatest common factor of i and d.
18
Suppose 0 = 4*z - 473 - 39. Suppose -4*b = -596 + z. Let r = 56 - 43. What is the highest common divisor of r and b?
13
Let r = 80 - 75. Suppose t = -4*x + 43 + 36, 2*x - r*t = 45. What is the greatest common divisor of 8 and x?
4
Let l = -105 + 229. Calculate the highest common divisor of l and 217.
31
Let x = -45 - -65. Suppose -2*s + 37 = -4*q + 21, q - 10 = -3*s. What is the greatest common factor of s and x?
4
Suppose 51 - 90 